63
What is the highest common divisor of 172 and 86387?
43
What is the highest common divisor of 14648 and 20?
4
Calculate the greatest common factor of 737532 and 216.
108
Calculate the greatest common factor of 33120 and 702.
18
Calculate the greatest common factor of 48525 and 1.
1
Calculate the greatest common divisor of 4300 and 17372.
172
What is the highest common divisor of 13696 and 5350?
214
What is the highest common factor of 90843 and 4245?
849
Calculate the highest common factor of 64 and 663232.
64
Calculate the highest common divisor of 33362 and 14.
14
What is the greatest common divisor of 1099 and 7?
7
What is the greatest common factor of 9351413 and 337?
337
What is the highest common divisor of 2048852 and 8528?
2132
What is the highest common divisor of 35770 and 122990?
490
What is the greatest common factor of 58327 and 85?
17
What is the greatest common divisor of 19383 and 351?
39
What is the highest common divisor of 458280 and 9?
9
What is the greatest common factor of 2529 and 117?
9
What is the highest common divisor of 35 and 4732?
7
What is the highest common divisor of 80 and 21296?
16
What is the highest common divisor of 11346 and 50142?
366
What is the highest common divisor of 2628 and 12204?
36
What is the highest common divisor of 1938 and 1054?
34
What is the highest common factor of 6232 and 3099641?
779
What is the greatest common divisor of 59383 and 344?
43
What is the greatest common factor of 896 and 11328?
64
Calculate the highest common factor of 100 and 572240.
20
What is the greatest common factor of 89416 and 8?
8
What is the highest common divisor of 330 and 40370?
110
What is the highest common divisor of 7925 and 45?
5
Calculate the greatest common factor of 30 and 2742.
6
What is the greatest common divisor of 1056 and 29436?
132
Calculate the highest common divisor of 37515 and 16154.
41
Calculate the greatest common divisor of 166174 and 76.
38
Calculate the highest common factor of 708 and 93.
3
Calculate the greatest common factor of 3501591 and 531.
177
What is the highest common divisor of 69 and 3582756?
69
What is the greatest common factor of 27600 and 1296?
48
What is the highest common factor of 1221456 and 48?
48
Calculate the greatest common factor of 115187 and 15593.
503
What is the greatest common factor of 48279 and 15257?
209
Calculate the greatest common factor of 108 and 68067.
27
Calculate the highest common divisor of 3956 and 6364.
172
What is the greatest common divisor of 43036 and 2544?
212
Calculate the greatest common factor of 1153966 and 22.
22
Calculate the highest common divisor of 407 and 473880.
11
Calculate the greatest common factor of 14406 and 22981.
343
What is the highest common factor of 842185 and 1299?
433
What is the highest common divisor of 14162 and 291?
97
Calculate the greatest common divisor of 4571123 and 537.
179
Calculate the greatest common factor of 66563 and 5957.
259
What is the highest common factor of 15565 and 1155?
55
What is the greatest common divisor of 112 and 10934?
14
What is the greatest common divisor of 39493 and 2628?
73
Calculate the greatest common factor of 78 and 97578.
78
Calculate the highest common factor of 251247 and 1335.
267
Calculate the greatest common divisor of 104 and 1159736.
8
Calculate the highest common factor of 364 and 959.
7
What is the greatest common divisor of 168 and 208236?
84
Calculate the greatest common factor of 74059 and 806.
31
Calculate the greatest common factor of 1659310 and 50.
10
Calculate the greatest common divisor of 288 and 3904.
32
Calculate the highest common divisor of 1548 and 24323724.
1548
Calculate the highest common divisor of 136931 and 1043.
149
What is the greatest common factor of 36 and 41247?
9
What is the greatest common factor of 110 and 7710?
10
What is the greatest common divisor of 276192 and 672?
672
What is the highest common divisor of 28 and 78820?
28
What is the greatest common divisor of 2898 and 120244?
46
Calculate the greatest common factor of 979 and 32752.
89
What is the highest common divisor of 1339695 and 315?
315
Calculate the greatest common factor of 17985 and 126885.
165
Calculate the greatest common factor of 1031491 and 38.
19
Calculate the highest common divisor of 10784 and 26.
2
What is the highest common divisor of 23068 and 316?
316
Calculate the greatest common factor of 283855 and 2860.
715
Calculate the greatest common factor of 315 and 1597155.
105
Calculate the highest common divisor of 12680 and 2096.
8
Calculate the highest common factor of 455 and 8827.
91
What is the highest common divisor of 2408 and 8931272?
2408
Calculate the highest common factor of 565 and 26045.
5
Calculate the highest common divisor of 978 and 222.
6
What is the greatest common factor of 1216 and 1088?
64
Calculate the highest common divisor of 21 and 3031.
7
What is the greatest common divisor of 118 and 582094?
118
Calculate the greatest common divisor of 11940 and 24.
12
What is the greatest common factor of 291 and 148119?
291
Calculate the highest common divisor of 1809 and 3033.
9
Calculate the highest common divisor of 260090 and 806.
62
What is the highest common divisor of 149975 and 25?
25
What is the greatest common divisor of 1681 and 1025?
41
What is the greatest common factor of 310056 and 40?
8
Calculate the greatest common divisor of 48 and 8364.
12
Calculate the greatest common divisor of 1441594 and 2002.
154
Calculate the greatest common divisor of 183 and 4408653.
183
What is the highest common factor of 1206 and 212658?
402
Calculate the greatest common divisor of 978 and 208966.
326
Calculate the highest common divisor of 149416 and 152.
152
Calculate the greatest common divisor of 25064 and 5096.
104
What is the highest common factor of 15 and 18270?
15
Calculate the greatest common factor of 370 and 22590.
10
What is the highest common divisor of 23655 and 226860?
285
Calculate the highest common factor of 117477 and 285.
57
Calculate the greatest common divisor of 1136 and 688.
16
What is the highest common divisor of 1150 and 35765?
115
What is the greatest common divisor of 198 and 80289?
99
What is the greatest common factor of 60 and 454620?
60
What is the highest common divisor of 396444 and 12?
12
What is the highest common divisor of 173859 and 357?
357
Calculate the highest common factor of 1071 and 3276.
63
What is the highest common factor of 3026 and 22784?
178
What is the greatest common divisor of 138 and 3018?
6
Calculate the highest common factor of 62206 and 209.
19
Calculate the highest common divisor of 1798 and 1856.
58
Calculate the greatest common factor of 1287 and 33253.
11
What is the highest common factor of 3058686 and 2031?
2031
Calculate the greatest common factor of 220 and 20080.
20
What is the highest common factor of 185080 and 700?
140
Calculate the highest common factor of 64 and 6608.
16
What is the highest common divisor of 504052 and 4?
4
What is the highest common factor of 96447 and 13?
13
What is the greatest common factor of 3184 and 24896?
16
What is the highest common divisor of 8505 and 91?
7
What is the highest common divisor of 968461 and 123?
41
Calculate the highest common factor of 335 and 198655.
335
What is the highest common divisor of 32046 and 5439?
147
Calculate the highest common divisor of 3965 and 55327.
61
What is the greatest common divisor of 1480 and 912?
8
What is the highest common factor of 512218 and 238?
14
What is the highest common divisor of 1975 and 60475?
25
What is the highest common divisor of 114393 and 1?
1
Calculate the greatest common factor of 30 and 5443010.
10
What is the highest common divisor of 4029 and 459?
51
What is the highest common factor of 740600 and 184?
184
Calculate the highest common factor of 232653 and 9.
3
Calculate the highest common divisor of 44 and 5093.
11
Calculate the greatest common factor of 3256 and 32.
8
What is the greatest common factor of 20 and 49330?
10
Calculate the greatest common divisor of 8757 and 9513.
63
Calculate the highest common factor of 41 and 712.
1
What is the highest common factor of 21594 and 2867?
61
Calculate the greatest common factor of 1898 and 598.
26
Calculate the highest common facto